(-3)?
-33
Let a(g) = -3*g + 8. Calculate a(7).
-13
Let d(o) = o**3 + 8*o**2 + 10*o + 6. Determine d(-7).
-15
Let i(s) = 3*s + 36. Give i(-22).
-30
Let y(g) = -6*g - 5. Determine y(-2).
7
Let d(l) = -2*l**3 + 40*l**2 + 41*l + 28. What is d(21)?
7
Let l(j) = 17*j**3 + 2*j**2 - 4*j + 2. Determine l(1).
17
Let h(d) = -d**3 + 11*d**2 + d - 10. Calculate h(11).
1
Let n(l) = l**2 - 29. Give n(8).
35
Let r(j) = -4*j - 1. Calculate r(4).
-17
Let b(k) = -k**3 - 5*k**2 + 23*k - 27. Determine b(-8).
-19
Let d(q) = -q - 22. Give d(-10).
-12
Let z(s) = 2*s - 27. Calculate z(16).
5
Let u(a) = -a - 18. Determine u(-13).
-5
Let q(l) = l**3 + 4*l**2 + 3*l + 14. Calculate q(-4).
2
Let u(z) = 7*z + 1. Give u(3).
22
Let u(o) = 2*o**2 - 17*o - 12. Determine u(9).
-3
Let p(b) = -b**2 + 3*b - 29. Calculate p(0).
-29
Let l(m) = 2*m + 8. Determine l(-4).
0
Let p(g) = -g**2 - 2*g + 6. Calculate p(-4).
-2
Let b(t) = -37*t + 228. Give b(6).
6
Let r(a) = -8*a - 1. Determine r(1).
-9
Let z(a) = 7*a + 14. Give z(2).
28
Let g(f) = 2*f**2 - f - 7. Determine g(-2).
3
Let h(i) = -2*i**2 + 5*i + 13. Determine h(-5).
-62
Let z(o) = o**2 + 7*o. Give z(-6).
-6
Let c(a) = a**3 - 2*a**2 + 2*a + 23. Calculate c(6).
179
Let l(k) = -31*k + 14. Calculate l(3).
-79
Let h(s) = -6*s - 87. Calculate h(-14).
-3
Let x(n) = -24*n + 296. What is x(13)?
-16
Let n(a) = -59*a - 135. Calculate n(-2).
-17
Let c(b) = -b**2 + 32*b + 122. What is c(36)?
-22
Let d(f) = -f**2 - 3*f - 5. Give d(6).
-59
Let c(j) = 2*j**2 + 32*j + 16. Determine c(-16).
16
Let z(x) = -x + 18. Determine z(11).
7
Let b(h) = 13*h + 6. Calculate b(-1).
-7
Let m(n) = n**2 - 8*n - 4. Determine m(11).
29
Let g(f) = 4*f - 95. Give g(22).
-7
Let t(f) = f**3 - 9*f**2 + 10*f - 6. Calculate t(8).
10
Let y(j) = -2*j**2 - 3*j + 24. Calculate y(4).
-20
Let y(g) = 3*g**2 - 68*g - 262. Calculate y(26).
-2
Let q(f) = f**3 + 8*f**2 + 9*f - 7. Give q(-7).
-21
Let v(x) = -x**2 - 36*x - 18. Give v(-36).
-18
Let r(c) = -c**3 + 5*c**2 - 2*c. Calculate r(4).
8
Let d(p) = -p**2 + 13*p - 7. Give d(10).
23
Let c(i) = -11*i + 5. What is c(2)?
-17
Let w(l) = l**3 - 41*l**2 - 130*l - 75. What is w(44)?
13
Let n(u) = -2*u**2 - 14*u - 15. Calculate n(-9).
-51
Let n(k) = -2*k**2 + 16*k + 14. Calculate n(7).
28
Let p(i) = -2*i + 7. Calculate p(2).
3
Let p(i) = -i**3 - 37*i**2 - 2*i - 73. Calculate p(-37).
1
Let y(f) = -3*f**2 - 65*f - 41. Give y(-21).
1
Let z(f) = f**3 + 4*f**2 + 5*f. Determine z(-4).
-20
Let x(o) = -o**3 - 13*o**2 - 19*o + 15. Give x(-11).
-18
Let y(c) = c**2 + 29*c - 51. Give y(-31).
11
Let i(c) = 2*c + 12. What is i(16)?
44
Let x(b) = 28*b**3 + 3*b**2 + 2*b + 1. Determine x(-1).
-26
Let n(z) = -z**2 - 14*z - 3. What is n(-6)?
45
Let h(k) = k**2 + 4*k - 5. Give h(-5).
0
Let w(m) = -m**3 + 14*m**2 + 2*m - 29. Calculate w(14).
-1
Let o(p) = 7*p - 2. Calculate o(-1).
-9
Let a(o) = o**3 - 10*o**2 + o - 2. Determine a(10).
8
Let r(k) = 2*k**3 - 7*k**2 + k + 17. Determine r(5).
97
Let z(p) = -2*p + 8. Give z(0).
8
Let q(b) = -b**2 + b + 27. What is q(-8)?
-45
Let h(k) = -2*k**3 + 6*k**2 + 5*k - 15. Calculate h(3).
0
Let h(t) = -5*t + 26. Determine h(1).
21
Let h(r) = r**3 + 2*r**2 + r - 1. Determine h(-4).
-37
Let u(y) = -22*y - 112. Calculate u(-5).
-2
Let g(l) = -l**2 + 3*l - 2. Determine g(4).
-6
Let z(i) = -i**3 + 10*i**2 + 5*i - 123. What is z(9)?
3
Let i(j) = j**3 + 8*j**2 - 8*j. Calculate i(-9).
-9
Let m(v) = -2*v - 17. Determine m(-11).
5
Let l(r) = r**2 - r + 2. What is l(1)?
2
Let l(f) = -f**3 - 14*f**2 - 13*f + 24. Give l(-13).
24
Let b(c) = c**3 - 6*c**2 - 2. What is b(6)?
-2
Let k(h) = h**3 - 5*h**2 + 6*h - 3. Calculate k(3).
-3
Let u(n) = -28*n + 205. What is u(7)?
9
Let v(g) = -4*g**3 + g**2 + g + 1. Determine v(-1).
5
Let p(q) = q**3 + 3*q**2 + q + 2. Calculate p(2).
24
Let j(t) = -t**3 + 11*t**2 - 11*t + 20. Calculate j(10).
10
Let f(i) = -i**3 - 5*i**2 - 2*i - 12. Calculate f(-5).
-2
Let m(x) = -12*x + 143. What is m(13)?
-13
Let h(z) = 5*z**2 - 3*z + 5. What is h(0)?
5
Let v(c) = c**3 + 12*c**2 + 14*c - 13. Calculate v(-11).
-46
Let j(x) = -x**3 - 3*x**2 + 6*x + 2. Determine j(-4).
-6
Let a(p) = 24*p**2 - 9*p + 8. What is a(1)?
23
Let x(r) = -15*r - 33. Determine x(6).
-123
Let n(l) = -l**3 + 13*l**2 + 14*l - 5. Give n(14).
-5
Let y(p) = -6*p - 12. Give y(-2).
0
Let p(x) = -8*x. Determine p(-1).
8
Let l(o) = o**3 + 17*o**2 + 39*o - 33. Calculate l(-14).
9
Let u(x) = -x**3 + 5*x**2 + 2*x - 7. What is u(5)?
3
Let d(g) = -g**3 + 10*g**2 - 8. Give d(10).
-8
Let o(d) = 21*d + 1. Calculate o(1).
22
Let h(v) = v**3 + 7*v**2 - 9*v + 10. Give h(-9).
-71
Let u(p) = p**2 - 25*p + 43. Give u(23).
-3
Let z(v) = -v + 4. Give z(-4).
8
Let c(y) = 3*y**3 + 4*y**2 - 5. Calculate c(-3).
-50
Let b(t) = 35*t**2 + 3*t + 2. Give b(-1).
34
Let u(x) = 3*x**2 + 14*x + 25. Determine u(-5).
30
Let l(d) = d**2 + 4*d + 3. Give l(-5).
8
Let s(h) = 2*h - 37. What is s(8)?
-21
Let r(d) = 7*d - 8. Calculate r(10).
62
Let q(o) = o - 8. Give q(8).
0
Let h(y) = -y**2 - 2*y + 1. Give h(-2).
1
Let a(k) = -k**2 - 6*k + 13. Give a(-10).
-27
Let u(x) = -28*x - 106. Give u(-3).
-22
Let k(f) = -f**3 + 8*f**2 - 6*f - 3. Give k(6).
33
Let w(q) = -q**3 - 16*q**2 - 17*q - 19. Determine w(-15).
11
Let w(o) = 6*o + 159. What is w(-25)?
9
Let i(c) = -2*c**2 - 7*c - 6. What is i(-4)?
-10
Let q(m) = 4*m**3 - 3*m**2 + 2. Determine q(2).
22
Let j(z) = z**2 + 4*z - 28. Determine j(-8).
4
Let g(d) = d**3 + 12*d**2 + 21*d + 10. Determine g(-10).
0
Let i(w) = 3*w - 64. Determine i(19).
-7
Let a(d) = -3*d - 2. Calculate a(3).
-11
Let w(u) = u**2 + 25*u + 32. Calculate w(-23).
-14
Let m(g) = 3*g + 104. What is m(-25)?
29
Let b(l) = l**2 + l - 18. What is b(-6)?
12
Let s(v) = v. Give s(-4).
-4
Let r(u) = u**2 + 2*u - 11. Calculate r(5).
24
Let b(p) = -p**2 + 2*p + 44. Calculate b(0).
44
Let y(a) = -5*a + 2. Determine y(-3).
17
Let p(d) = d**3 - 7*d**2 - d + 9. Give p(7).
2
Let s(b) = 124*b**3 - 5*b**2 - 2*b + 2. Calculate s(-1).
-125
Let v(s) = s**3 - 10*s**2 + 9*s - 7. Calculate v(9).
-7
Let x(p) = p**2 + 14*p + 15. What is x(-13)?
2
Let h(x) = 18*x - 69. Give h(4).
3
Let v(g) = 2*g**2 + 2*g - 4. Give v(0).
-4
Let j(g) = 2*g**2 - 3*g - 9. Give j(5).
26
Let i(j) = -j**3 + j**2 + 10*j + 9. Calculate i(3).
21
Let a(r) = -r + 4. Determine a(17).
-13
Let o(i) = -2*i**3 + 61*i**2 - 29*i + 55. What is o(30)?
85
Let i(b) = -b**3 - 6*b**2 + 92*b - 1. What is i(7)?
6
Let f(z) = -z**3 + 9*z**2 + 2*z - 9. Give f(9).
9
Let r(o) = 2*o + 13. Determine r(-8).
-3
Let p(a) = -8*a - 1. What is p(-3)?
23
Let a(w) = 47*w + 3. Calculate a(0).
3
Let q(n) = 4*n + 11. Determine q(2).
19
Let g(a) = -2*a**2 - 66*a - 101. Determine g(-31).
23
Let a(j) = j**3 + 6*j**2 + 2*j - 4. Give a(-3).
17
Let f(a) = 85*a**3 - a. Give f(-1).
-84
Let t(j) = j**3 - 6*j**2 - 17*j + 7. What is t(8)?
-1
Let c(w) = w - 1. Determine c(-13).
-14
Let k(u) = 4*u + 9. Give k(-6).
-15
Let r(w) = -w**3 + 2*w**2 + 3*w - 1. Determine r(4).
-21
Let y(r) = 12*r**2 - 4*r + 4. Give y(-2).
60
Let z(s) = s**2 + 21*s + 60. Calculate z(-5).
-20
Let g(l) = -l - 22. Give g(-15).
-7
Let a(m) = m**2 + 6*m - 4. What is a(-7)?
3
Let h(n) = n**2 - n - 5. Determine h(0).
-5
Let x(o) = -o**3 + 17*o**2 - 31*o + 25. Calculate x(15).
10
Let a(c) = -c**3 - 6*c**2 + c + 5. Determine a(-4).
-31
Let u(s) = -19*s**2 + s. Calculate u(1).
-18
Let t(b) = -14*b + 53. Give t(4).
-3
Let o(z) = -3*z - 25. Calculate o(-11).
8
Let w(u) = -u**3 + 25*u**2 - 27*u - 28. What is w(24)?
-100
Let x(w) = -w**2 + 9*w + 3. Determine x(7).
17
Let c(s) = -5*s + 9. What is c(8)?
-31
Let v(u) = 2*u**2 - u. What is v(-2)?
10
Let v(j) = 25*j - 2. Determine v(-1).
-27
Let m(n) = -n**2 - 37*n + 72. Determine m(-39).
-6
Let r(q) = -q**3 + 9*q**2 - 7*q - 25. What is r(8)?
-17
Let u(v) = v**3 - 6*v**2 + 12*v. Calculate u(5).
35
Let l(w) = w**2 + 2*w + 13. Calculate l(5).
48
Let n(b) = -2*b**2 - 24*b - 7. Determine n(-12).
-7
Let d(a) = -a**3 + 2*a**2 - 5*a - 14. What is d(-3)?
46
Let p(x) = x**2 + 8*x - 17. Calculate p(-9).
-8
Let o(p) = p**2 - 8*p - 7. Calculate o(-4).
41
Let z(a) = -a**3 - 4*a**2 + 15*a - 8. Calculate z(-7).
34
Let j(f) = -2*f. Determine j(-1).
2
Let o(a) = 2*a**2 - a + 3. Determine o(4).
31
Let v(c) = -c**2 + 9*c + 5. Give v(11).
-17
Let n(r) = -r - 4. Determine n(-17).
13
L